{"id":2750,"date":"2020-11-13T23:16:03","date_gmt":"2020-11-13T22:16:03","guid":{"rendered":"https:\/\/www.ko-ev.de\/what-we-do\/public-relations\/"},"modified":"2025-02-10T19:38:31","modified_gmt":"2025-02-10T18:38:31","slug":"public-relations","status":"publish","type":"page","link":"https:\/\/www.ko-ev.de\/en\/what-we-do\/public-relations\/","title":{"rendered":"Public relations"},"content":{"rendered":"\n<h2 class=\"wp-block-heading\">Goldene Bild der Frau Award 2023<\/h2>\n\n<p><em>CW: Sexualised violence\/knockout drops<\/em><\/p>\n\n<figure class=\"wp-block-embed is-type-video is-provider-youtube wp-block-embed-youtube wp-embed-aspect-16-9 wp-has-aspect-ratio\"><div class=\"wp-block-embed__wrapper\">\n<iframe loading=\"lazy\" title=\"Verleihung der GOLDENEN BILD der FRAU 2023 - Live!\" width=\"784\" height=\"441\" src=\"https:\/\/www.youtube.com\/embed\/TCe_cYCI5Q0?start=6587&#038;feature=oembed\" frameborder=\"0\" allow=\"accelerometer; autoplay; clipboard-write; encrypted-media; gyroscope; picture-in-picture; web-share\" referrerpolicy=\"strict-origin-when-cross-origin\" allowfullscreen><\/iframe>\n<\/div><\/figure>\n\n<hr class=\"wp-block-separator\"\/>\n\n<h2 class=\"wp-block-heading\">Successful petition against an article in FOCUS-Online<\/h2>\n\n<h4 class=\"wp-block-heading\"><a href=\"Vergewaltigungsmythen:%20Wir%20fordern%20eine%20Richtigstellung%20von%20FOCUS-Online!\">Rape myths: We call for correction by FOCUS-Online.<\/a><\/h4>\n\n<p><strong>FOCUS-Online article: <\/strong><\/p>\n\n<h3 class=\"wp-block-heading\"><a href=\"https:\/\/www.focus.de\/kultur\/gesellschaft\/schwierige-gesetzeslage-bei-vergewaltigung_id_20892225.html\" target=\"_blank\" rel=\"noreferrer noopener\">\u201cSEXUALISED VIOLENCE: THE VIEW OF LAWYERS AND VICTIM ORGANISATIONS\u201d<\/a><\/h3>\n\n<h4 class=\"wp-block-heading\">Editor\u2019s note<\/h4>\n\n<p>Thanks to a petition, we have been made aware that the text published here casts sexualised violence in a false light. We have amended the text and added comments, as it unfairly portrayed sexualised violence from one angle. The view presented in the original version was not that of our editorial staff and \u2013 inadequately flagged \u2013 only reflected the opinions of the cited defence lawyers. We therefore contacted the initiators of the petition. They included Nina Fuchs, CEO of \u201cKO \u2013 Kein Opfer e.V\u201d. This non-profit organisation stands up for the rights of victims of sexualised violence. Its views, which clearly reflect the perspectives of victims of sexualised violence, have been added to the article and appear in italics. We apologise sincerely to all readers who, for understandable reasons, felt attacked by the one-sided arguments in the original text. We have now given appropriate space to the topic of sexualised violence:        <\/p>\n\n<ul class=\"wp-block-list\"><li><a href=\"https:\/\/www.focus.de\/perspektiven\/gesellschaft-gestalten\/opfer-von-sexueller-gewalt-erst-betaeubt-dann-vergewaltigt-jetzt-kaempft-nina-fuchs-fuer-mehr-gerechtigkeit_id_24550457.html\" target=\"_blank\" rel=\"noreferrer noopener\">Interview with Nina Fuchs about her organisation, the rewriting of laws governing sexual offences and her fight for greater justice.<\/a><\/li><\/ul>\n<hr class=\"wp-block-separator\"\/>\n\n<h2 class=\"wp-block-heading\">ARD Brisant<\/h2>\n\n<p><em>CW: Sexualised violence\/knockout drops<\/em><\/p>\n\n<figure class=\"wp-block-video\"><video height=\"720\" style=\"aspect-ratio: 1280 \/ 720;\" width=\"1280\" controls=\"\" src=\"https:\/\/www.ko-ev.de\/wp-content\/uploads\/2021\/07\/KO-Tropfen.mp4\"><\/video><\/figure>\n<hr class=\"wp-block-separator\"\/>\n\n<h2 class=\"wp-block-heading\">One Billion Rising<\/h2>\n\n<p><em>CW: Sexualised violence\/knockout drops<\/em><\/p>\n\n<iframe loading=\"lazy\" width=\"350\" height=\"200\" src=\"https:\/\/www.youtube-nocookie.com\/embed\/2QVpy4wGfOM\" frameborder=\"0\" allow=\"autoplay; encrypted-media\" allowfullscreen=\"\"><\/iframe>\n\n<hr class=\"wp-block-separator\"\/>\n\n<figure class=\"wp-block-embed is-type-rich is-provider-spotify wp-block-embed-spotify wp-embed-aspect-21-9 wp-has-aspect-ratio\"><div class=\"wp-block-embed__wrapper\">\n<iframe title=\"Spotify Embed: Warum kommen T\u00e4ter:innen in Deutschland so leicht an K.O.-Tropfen, um Menschen zu bet\u00e4uben und dann zu vergewaltigen, Nina Fuchs?\" style=\"border-radius: 12px\" width=\"100%\" height=\"152\" frameborder=\"0\" allowfullscreen allow=\"autoplay; clipboard-write; encrypted-media; fullscreen; picture-in-picture\" loading=\"lazy\" src=\"https:\/\/open.spotify.com\/embed\/episode\/0qjbos0xg0AKmuGtf1hBwA?si=4553d01bf1d648df&#038;utm_source=oembed\"><\/iframe>\n<\/div><\/figure>\n\n<figure class=\"wp-block-embed is-type-rich is-provider-spotify wp-block-embed-spotify wp-embed-aspect-21-9 wp-has-aspect-ratio\"><div class=\"wp-block-embed__wrapper\">\n<iframe title=\"Spotify Embed: K.O. - Ein Verein gegen sexualisierte Gewalt und K.O.-Tropfen. (Nina Fuchs 1\/2)\" style=\"border-radius: 12px\" width=\"100%\" height=\"152\" frameborder=\"0\" allowfullscreen allow=\"autoplay; clipboard-write; encrypted-media; fullscreen; picture-in-picture\" loading=\"lazy\" src=\"https:\/\/open.spotify.com\/embed\/episode\/3wKsPhVh6Yhr47ZngvQFKW?si=c604e85f005348ea&#038;utm_source=oembed\"><\/iframe>\n<\/div><\/figure>\n\n<figure class=\"wp-block-embed is-type-rich is-provider-spotify wp-block-embed-spotify wp-embed-aspect-21-9 wp-has-aspect-ratio\"><div class=\"wp-block-embed__wrapper\">\n<iframe title=\"Spotify Embed: Heilung in Gemeinschaft (Nina Fuchs 2\/2)\" style=\"border-radius: 12px\" width=\"100%\" height=\"152\" frameborder=\"0\" allowfullscreen allow=\"autoplay; clipboard-write; encrypted-media; fullscreen; picture-in-picture\" loading=\"lazy\" src=\"https:\/\/open.spotify.com\/embed\/episode\/5ufZlz2QtFxHQUktdq0MFo?si=23a8f091970c4abe&#038;utm_source=oembed\"><\/iframe>\n<\/div><\/figure>\n\n<figure class=\"wp-block-embed is-type-rich is-provider-spotify wp-block-embed-spotify wp-embed-aspect-21-9 wp-has-aspect-ratio\"><div class=\"wp-block-embed__wrapper\">\n<iframe title=\"Spotify Embed: Staatsanwaltschaft erhebt keine Klage trotz eindeutigem DNA-Beweis - Nina Fuchs\u2019 #metoo-story (Teil 1\/2)\" style=\"border-radius: 12px\" width=\"100%\" height=\"152\" frameborder=\"0\" allowfullscreen allow=\"autoplay; clipboard-write; encrypted-media; fullscreen; picture-in-picture\" loading=\"lazy\" src=\"https:\/\/open.spotify.com\/embed\/episode\/7bNKEx2OwLKFh2CsKZ6MVa?si=J51cLI6CSNyIM6sE7MaiUQ&#038;utm_source=oembed\"><\/iframe>\n<\/div><\/figure>\n\n<figure class=\"wp-block-embed is-type-rich is-provider-spotify wp-block-embed-spotify wp-embed-aspect-21-9 wp-has-aspect-ratio\"><div class=\"wp-block-embed__wrapper\">\n<iframe title=\"Spotify Embed: N\u00e4chstes Ziel: Europ\u00e4ischer Gerichtshof f\u00fcr Menschenrechte - Nina Fuchs\u2019 #metoo-story (Teil 2\/2)\" style=\"border-radius: 12px\" width=\"100%\" height=\"152\" frameborder=\"0\" allowfullscreen allow=\"autoplay; clipboard-write; encrypted-media; fullscreen; picture-in-picture\" loading=\"lazy\" src=\"https:\/\/open.spotify.com\/embed\/episode\/1RB9ymgNNX9sNmm0tp3Ofl?si=EYlOvcXnQbOArgoR2K2s5g&#038;utm_source=oembed\"><\/iframe>\n<\/div><\/figure>\n\n<hr class=\"wp-block-separator\"\/>\n\n<h2 class=\"wp-block-heading\">Press<\/h2>\n\n<h3 class=\"wp-block-heading\">SWR3<\/h3>\n\n<p><a href=\"https:\/\/www.swr3.de\/aktuell\/service\/ko-tropfen-symptome-opfer-berichtet-100.html\" target=\"_blank\" rel=\"noreferrer noopener\"><strong>\u201cRape with knockout drops \u2013 Nina survived the horror and has come out fighting\u201d<\/strong><\/a><\/p>\n\n<p>by Ferdinand V\u00f6gele<\/p>\n\n<h3 class=\"wp-block-heading\">SPIEGEL<\/h3>\n\n<p><strong><a href=\"https:\/\/www.spiegel.de\/panorama\/k-o-tropfen-wie-nina-fuchs-nach-einer-vergewaltigung-fuer-gerechtigkeit-kaempft-a-22be11d1-b567-487a-8f9a-818f2f4fbfcd\" target=\"_blank\" rel=\"noreferrer noopener\">\u201cNo lawsuit despite DNA: How Nina Fuchs is fighting for justice after being raped\u201d<\/a><\/strong><\/p>\n\n<p>by Rena F\u00f6hr<\/p>\n\n<h3 class=\"wp-block-heading\">S\u00fcddeutsche Zeitung<\/h3>\n\n<p><strong><a rel=\"noreferrer noopener\" href=\"https:\/\/www.sueddeutsche.de\/muenchen\/muenchen-nina-f-vergewaltigung-justiz-1.4440654\" target=\"_blank\">&#8220;If it helps only one woman, it\u2019s worth it.\u201d\u201eWenn es nur einer Frau hilft, ist es das wert\u201c<\/a><\/strong><\/p>\n\n<p>by Elisa Britzelmeier<\/p>\n\n<hr class=\"wp-block-separator\"\/>\n\n<h2 class=\"wp-block-heading\">Book project<\/h2>\n\n<figure class=\"wp-block-image size-large is-resized\"><img loading=\"lazy\" decoding=\"async\" src=\"https:\/\/www.ko-ev.de\/wp-content\/uploads\/2020\/12\/Bildschirmfoto-2020-12-21-um-12.32.11.png\" alt=\"\" class=\"wp-image-370\" width=\"283\" height=\"438\" srcset=\"https:\/\/www.ko-ev.de\/wp-content\/uploads\/2020\/12\/Bildschirmfoto-2020-12-21-um-12.32.11.png 565w, https:\/\/www.ko-ev.de\/wp-content\/uploads\/2020\/12\/Bildschirmfoto-2020-12-21-um-12.32.11-193x300.png 193w\" sizes=\"auto, (max-width: 283px) 100vw, 283px\" \/><figcaption><a href=\"https:\/\/www.amazon.de\/unSICHTBAR-Gesicht-Alice-Mari-Westphal\/dp\/3968680073\/ref=cm_cr_arp_d_product_top?ie=UTF8\" target=\"_blank\" rel=\"noreferrer noopener\">Buy book on Amazon<\/a><\/figcaption><\/figure>","protected":false},"excerpt":{"rendered":"<p>Goldene Bild der Frau Award 2023 CW: Sexualised violence\/knockout drops Successful petition against an article in FOCUS-Online Rape myths: We call for correction by FOCUS-Online. FOCUS-Online article: \u201cSEXUALISED VIOLENCE: THE VIEW OF LAWYERS AND VICTIM ORGANISATIONS\u201d Editor\u2019s note Thanks to a petition, we have been made aware that the text published here casts sexualised violence&hellip;<\/p>\n","protected":false},"author":2,"featured_media":0,"parent":2748,"menu_order":1,"comment_status":"closed","ping_status":"closed","template":"page-templates\/nosidebar-page.php","meta":{"footnotes":""},"class_list":["post-2750","page","type-page","status-publish","hentry","comments-closed","no-comments"],"_links":{"self":[{"href":"https:\/\/www.ko-ev.de\/en\/wp-json\/wp\/v2\/pages\/2750","targetHints":{"allow":["GET"]}}],"collection":[{"href":"https:\/\/www.ko-ev.de\/en\/wp-json\/wp\/v2\/pages"}],"about":[{"href":"https:\/\/www.ko-ev.de\/en\/wp-json\/wp\/v2\/types\/page"}],"author":[{"embeddable":true,"href":"https:\/\/www.ko-ev.de\/en\/wp-json\/wp\/v2\/users\/2"}],"replies":[{"embeddable":true,"href":"https:\/\/www.ko-ev.de\/en\/wp-json\/wp\/v2\/comments?post=2750"}],"version-history":[{"count":1,"href":"https:\/\/www.ko-ev.de\/en\/wp-json\/wp\/v2\/pages\/2750\/revisions"}],"predecessor-version":[{"id":2751,"href":"https:\/\/www.ko-ev.de\/en\/wp-json\/wp\/v2\/pages\/2750\/revisions\/2751"}],"up":[{"embeddable":true,"href":"https:\/\/www.ko-ev.de\/en\/wp-json\/wp\/v2\/pages\/2748"}],"wp:attachment":[{"href":"https:\/\/www.ko-ev.de\/en\/wp-json\/wp\/v2\/media?parent=2750"}],"curies":[{"name":"wp","href":"https:\/\/api.w.org\/{rel}","templated":true}]}}

<h2 class="wp-block-heading">Goldene Bild der Frau Award 2023</h2>

<p><em>CW: Sexualised violence/knockout drops</em></p>

<figure class="wp-block-embed is-type-video is-provider-youtube wp-block-embed-youtube wp-embed-aspect-16-9 wp-has-aspect-ratio"><div class="wp-block-embed__wrapper">
<iframe loading="lazy" title="Verleihung der GOLDENEN BILD der FRAU 2023 - Live!" width="784" height="441" src="https://www.youtube.com/embed/TCe_cYCI5Q0?start=6587&#038;feature=oembed" frameborder="0" allow="accelerometer; autoplay; clipboard-write; encrypted-media; gyroscope; picture-in-picture; web-share" referrerpolicy="strict-origin-when-cross-origin" allowfullscreen></iframe>
</div></figure>

<hr class="wp-block-separator"/>

<h2 class="wp-block-heading">Successful petition against an article in FOCUS-Online</h2>

<h4 class="wp-block-heading"><a href="Vergewaltigungsmythen:%20Wir%20fordern%20eine%20Richtigstellung%20von%20FOCUS-Online!">Rape myths: We call for correction by FOCUS-Online.</a></h4>

<p><strong>FOCUS-Online article: </strong></p>

<h3 class="wp-block-heading"><a href="https://www.focus.de/kultur/gesellschaft/schwierige-gesetzeslage-bei-vergewaltigung_id_20892225.html" target="_blank" rel="noreferrer noopener">“SEXUALISED VIOLENCE: THE VIEW OF LAWYERS AND VICTIM ORGANISATIONS”</a></h3>

<h4 class="wp-block-heading">Editor’s note</h4>

<p>Thanks to a petition, we have been made aware that the text published here casts sexualised violence in a false light. We have amended the text and added comments, as it unfairly portrayed sexualised violence from one angle. The view presented in the original version was not that of our editorial staff and – inadequately flagged – only reflected the opinions of the cited defence lawyers. We therefore contacted the initiators of the petition. They included Nina Fuchs, CEO of “KO – Kein Opfer e.V”. This non-profit organisation stands up for the rights of victims of sexualised violence. Its views, which clearly reflect the perspectives of victims of sexualised violence, have been added to the article and appear in italics. We apologise sincerely to all readers who, for understandable reasons, felt attacked by the one-sided arguments in the original text. We have now given appropriate space to the topic of sexualised violence:        </p>

<ul class="wp-block-list"><li><a href="https://www.focus.de/perspektiven/gesellschaft-gestalten/opfer-von-sexueller-gewalt-erst-betaeubt-dann-vergewaltigt-jetzt-kaempft-nina-fuchs-fuer-mehr-gerechtigkeit_id_24550457.html" target="_blank" rel="noreferrer noopener">Interview with Nina Fuchs about her organisation, the rewriting of laws governing sexual offences and her fight for greater justice.</a></li></ul>
<hr class="wp-block-separator"/>

<h2 class="wp-block-heading">ARD Brisant</h2>

<p><em>CW: Sexualised violence/knockout drops</em></p>

<figure class="wp-block-video"><video height="720" style="aspect-ratio: 1280 / 720;" width="1280" controls="" src="https://www.ko-ev.de/wp-content/uploads/2021/07/KO-Tropfen.mp4"></video></figure>
<hr class="wp-block-separator"/>

<h2 class="wp-block-heading">One Billion Rising</h2>

<p><em>CW: Sexualised violence/knockout drops</em></p>

<iframe loading="lazy" width="350" height="200" src="https://www.youtube-nocookie.com/embed/2QVpy4wGfOM" frameborder="0" allow="autoplay; encrypted-media" allowfullscreen=""></iframe>

<hr class="wp-block-separator"/>

<figure class="wp-block-embed is-type-rich is-provider-spotify wp-block-embed-spotify wp-embed-aspect-21-9 wp-has-aspect-ratio"><div class="wp-block-embed__wrapper">
<iframe title="Spotify Embed: Warum kommen Täter:innen in Deutschland so leicht an K.O.-Tropfen, um Menschen zu betäuben und dann zu vergewaltigen, Nina Fuchs?" style="border-radius: 12px" width="100%" height="152" frameborder="0" allowfullscreen allow="autoplay; clipboard-write; encrypted-media; fullscreen; picture-in-picture" loading="lazy" src="https://open.spotify.com/embed/episode/0qjbos0xg0AKmuGtf1hBwA?si=4553d01bf1d648df&#038;utm_source=oembed"></iframe>
</div></figure>

<figure class="wp-block-embed is-type-rich is-provider-spotify wp-block-embed-spotify wp-embed-aspect-21-9 wp-has-aspect-ratio"><div class="wp-block-embed__wrapper">
<iframe title="Spotify Embed: K.O. - Ein Verein gegen sexualisierte Gewalt und K.O.-Tropfen. (Nina Fuchs 1/2)" style="border-radius: 12px" width="100%" height="152" frameborder="0" allowfullscreen allow="autoplay; clipboard-write; encrypted-media; fullscreen; picture-in-picture" loading="lazy" src="https://open.spotify.com/embed/episode/3wKsPhVh6Yhr47ZngvQFKW?si=c604e85f005348ea&#038;utm_source=oembed"></iframe>
</div></figure>

<figure class="wp-block-embed is-type-rich is-provider-spotify wp-block-embed-spotify wp-embed-aspect-21-9 wp-has-aspect-ratio"><div class="wp-block-embed__wrapper">
<iframe title="Spotify Embed: Heilung in Gemeinschaft (Nina Fuchs 2/2)" style="border-radius: 12px" width="100%" height="152" frameborder="0" allowfullscreen allow="autoplay; clipboard-write; encrypted-media; fullscreen; picture-in-picture" loading="lazy" src="https://open.spotify.com/embed/episode/5ufZlz2QtFxHQUktdq0MFo?si=23a8f091970c4abe&#038;utm_source=oembed"></iframe>
</div></figure>

<figure class="wp-block-embed is-type-rich is-provider-spotify wp-block-embed-spotify wp-embed-aspect-21-9 wp-has-aspect-ratio"><div class="wp-block-embed__wrapper">
<iframe title="Spotify Embed: Staatsanwaltschaft erhebt keine Klage trotz eindeutigem DNA-Beweis - Nina Fuchs’ #metoo-story (Teil 1/2)" style="border-radius: 12px" width="100%" height="152" frameborder="0" allowfullscreen allow="autoplay; clipboard-write; encrypted-media; fullscreen; picture-in-picture" loading="lazy" src="https://open.spotify.com/embed/episode/7bNKEx2OwLKFh2CsKZ6MVa?si=J51cLI6CSNyIM6sE7MaiUQ&#038;utm_source=oembed"></iframe>
</div></figure>

<figure class="wp-block-embed is-type-rich is-provider-spotify wp-block-embed-spotify wp-embed-aspect-21-9 wp-has-aspect-ratio"><div class="wp-block-embed__wrapper">
<iframe title="Spotify Embed: Nächstes Ziel: Europäischer Gerichtshof für Menschenrechte - Nina Fuchs’ #metoo-story (Teil 2/2)" style="border-radius: 12px" width="100%" height="152" frameborder="0" allowfullscreen allow="autoplay; clipboard-write; encrypted-media; fullscreen; picture-in-picture" loading="lazy" src="https://open.spotify.com/embed/episode/1RB9ymgNNX9sNmm0tp3Ofl?si=EYlOvcXnQbOArgoR2K2s5g&#038;utm_source=oembed"></iframe>
</div></figure>

<hr class="wp-block-separator"/>

<h2 class="wp-block-heading">Press</h2>

<h3 class="wp-block-heading">SWR3</h3>

<p><a href="https://www.swr3.de/aktuell/service/ko-tropfen-symptome-opfer-berichtet-100.html" target="_blank" rel="noreferrer noopener"><strong>“Rape with knockout drops – Nina survived the horror and has come out fighting”</strong></a></p>

<p>by Ferdinand Vögele</p>

<h3 class="wp-block-heading">SPIEGEL</h3>

<p><strong><a href="https://www.spiegel.de/panorama/k-o-tropfen-wie-nina-fuchs-nach-einer-vergewaltigung-fuer-gerechtigkeit-kaempft-a-22be11d1-b567-487a-8f9a-818f2f4fbfcd" target="_blank" rel="noreferrer noopener">“No lawsuit despite DNA: How Nina Fuchs is fighting for justice after being raped”</a></strong></p>

<p>by Rena Föhr</p>

<h3 class="wp-block-heading">Süddeutsche Zeitung</h3>

<p><strong><a rel="noreferrer noopener" href="https://www.sueddeutsche.de/muenchen/muenchen-nina-f-vergewaltigung-justiz-1.4440654" target="_blank">&#8220;If it helps only one woman, it’s worth it.”„Wenn es nur einer Frau hilft, ist es das wert“</a></strong></p>

<p>by Elisa Britzelmeier</p>

<hr class="wp-block-separator"/>

<h2 class="wp-block-heading">Book project</h2>

<figure class="wp-block-image size-large is-resized"><img loading="lazy" decoding="async" src="https://www.ko-ev.de/wp-content/uploads/2020/12/Bildschirmfoto-2020-12-21-um-12.32.11.png" alt="" class="wp-image-370" width="283" height="438" srcset="https://www.ko-ev.de/wp-content/uploads/2020/12/Bildschirmfoto-2020-12-21-um-12.32.11.png 565w, https://www.ko-ev.de/wp-content/uploads/2020/12/Bildschirmfoto-2020-12-21-um-12.32.11-193x300.png 193w" sizes="auto, (max-width: 283px) 100vw, 283px" /><figcaption><a href="https://www.amazon.de/unSICHTBAR-Gesicht-Alice-Mari-Westphal/dp/3968680073/ref=cm_cr_arp_d_product_top?ie=UTF8" target="_blank" rel="noreferrer noopener">Buy book on Amazon</a></figcaption></figure>
